 (base 3) to base 4.
1013332212
Convert -12503540 (base 6) to base 15.
-82570
Convert -3824314 (base 11) to base 10.
-6638075
What is -552045 (base 7) in base 15?
-1da09
53631 (base 10) to base 13
1b546
What is -506705 (base 8) in base 12?
-80a31
20220112211 (base 3) to base 2
100001001100111010
What is -654aa1 (base 12) in base 2?
-110000111111000011001
1523046 (base 7) to base 9
345630
What is 3002411 (base 6) in base 12?
69407
Convert 1011011111000111101 (base 2) to base 3.
201010022001
Convert 718568 (base 11) to base 10.
1153325
Convert -110212320 (base 5) to base 16.
-74338
-1211112211220 (base 3) to base 8
-3560673
Convert 3c93d1 (base 15) to base 11.
1712541
-12302111203 (base 4) to base 12
-719657
What is -cba7b (base 13) in base 7?
-3063621
Convert -254016 (base 7) to base 14.
-131b6
Convert 276645 (base 15) to base 13.
5145a1
Convert 10c02a (base 15) to base 7.
6541054
Convert 110e9e (base 15) to base 16.
c68f3
What is 86261 (base 9) in base 15?
11da4
Convert 26d4cb (base 14) to base 5.
320432104
What is 1035ac (base 13) in base 11?
239719
-106352763 (base 8) to base 2
-1000110011101010111110011
What is 3038858 (base 10) in base 8?
13457212
Convert 122112002111222 (base 3) to base 7.
142102244
-147b43 (base 12) to base 5
-42024012
Convert -3232014012 (base 5) to base 14.
-cbb3a6
What is -21a7aa (base 12) in base 2?
-10000011000011110010
Convert 135206 (base 12) to base 3.
121020220220
-17d6b (base 14) to base 10
-60267
What is -111221001221100 (base 3) in base 14?
-da9861
6b221 (base 15) to base 7
2621131
What is -c1ea (base 15) in base 9?
-62144
-1836254 (base 11) to base 10
-3112179
What is -128685 (base 16) in base 15?
-18eae0
What is 17a142 (base 14) in base 10?
834430
What is 365762 (base 9) in base 2?
110101111001101101
248b4 (base 13) to base 4
100131101
What is 35c18 (base 14) in base 4?
200010032
What is -636260 (base 7) in base 12?
-5396b
722612 (base 9) to base 15
86e15
What is 12102200011 (base 3) in base 10?
106924
Convert -562301 (base 7) to base 10.
-99275
What is 120100032 (base 5) in base 10?
550017
Convert -7569fb (base 16) to base 11.
-4386282
-95a07 (base 12) to base 7
-1446334
12166013 (base 7) to base 12
448022
-2012010011122 (base 3) to base 2
-100011100000101011001
Convert -122012305 (base 6) to base 3.
-11101121112012
Convert a0cc9e (base 15) to base 6.
431404535
What is -b27ba (base 15) in base 9?
-1051484
What is 213031023 (base 4) in base 15?
328ac
Convert 14461245 (base 7) to base 9.
2526763
Convert 8173 (base 9) to base 7.
23301
Convert -10514a6 (base 13) to base 16.
-4be04f
-211130312 (base 4) to base 15
-306b8
76807 (base 13) to base 2
110100010111000100
Convert -467c4 (base 13) to base 15.
-28249
What is bcf25 (base 16) in base 8?
2747445
Convert 260ac (base 15) to base 14.
324a2
Convert -1415023 (base 6) to base 13.
-2a636
Convert 303144244 (base 6) to base 11.
2a27423
Convert 166576 (base 12) to base 16.
5ddaa
247821 (base 9) to base 8
445140
What is -12312404423 (base 5) in base 9?
-31140733
-13cb3 (base 13) to base 8
-110716
222313222302 (base 4) to base 8
52675262
What is -21224143 (base 5) in base 14?
-497d9
Convert 4dd4 (base 14) to base 3.
200210210
What is 1072315 (base 11) in base 9?
3470784
Convert -255940 (base 11) to base 5.
-100344340
-1066604 (base 7) to base 14
-36dab
1cba7 (base 14) to base 9
122020
9a9776 (base 11) to base 4
12020301022
31113100310 (base 4) to base 16
357434
-26a563 (base 14) to base 8
-5056573
Convert 3884001 (base 10) to base 2.
1110110100001111100001
What is 1111111100010100101110 (base 2) in base 11?
23a4a25
-11202121011 (base 3) to base 14
-26244
88503 (base 16) to base 10
558339
-accc1 (base 15) to base 8
-2061377
What is -7ebb (base 16) in base 14?
-bb75
Convert -421323033 (base 5) to base 8.
-6520761
-2024220130 (base 5) to base 2
-1111110000111010111100
-2330676 (base 9) to base 10
-1260267
-413413212 (base 5) to base 12
-6a04a9
2579007 (base 11) to base 5
2120302400
-902a7 (base 11) to base 13
-481a9
Convert -19347 (base 12) to base 14.
-d58b
-37525 (base 10) to base 4
-21022111
-41415063 (base 8) to base 5
-4222213111
What is -1122111121001 (base 3) in base 14?
-18b32a
What is -10354 (base 14) in base 6?
-500530
What is 52101325 (base 6) in base 10?
1501109
What is -425a5a (base 11) in base 14?
-13a488
1815a31 (base 11) to base 6
150022513
34218 (base 9) to base 12
11222
Convert 243c9a (base 14) to base 12.
4b9740
-3d81ed (base 15) to base 10
-2963698
Convert 52246 (base 11) to base 15.
17874
Convert 157036 (base 9) to base 15.
1db10
Convert -22a530 (base 15) to base 10.
-1654920
What is -2245051 (base 6) in base 5?
-12141114
24030505 (base 6) to base 5
143004234
What is -64957 (base 16) in base 3?
-202221010221
What is -1c618 (base 16) in base 12?
-57334
Convert 21576 (base 10) to base 9.
32533
What is b3475 (base 15) in base 4?
2022223022
What is 43908 (base 16) in base 2?
1000011100100001000
278c11 (base 13) to base 14
1b08b9
What is 14040113 (base 7) in base 15?
1ab4a2
Convert 941718 (base 10) to base 5.
220113333
What is -481250 (base 9) in base 5?
-33231440
-22211625 (base 7) to base 3
-10121111110010
-111110100000000001 (base 2) to base 9
-430145
-12ef42 (base 16) to base 8
-4567502
What is -6ba6dd (base 14) in base 5?
-1420201311
b0d44c (base 14) to base 9
12172366
What is 13320313311 (base 4) in base 10?
2067957
Convert 119880 (base 12) to base 8.
1057240
37a919 (base 11) to base 7
5046305
Convert -222102111 (base 3) to base 5.
-1104024
What is -80708 (base 10) in base 4?
-103231010
Convert 1100000101010000000110 (base 2) to base 16.
305406
747cb (base 14) to base 11
1824a4
What is -58885 (base 11) in base 15?
-1a25e
202203023100 (base 4) to base 10
9056976
101213424 (base 5) to base 9
700331
What is -93902a (base 11) in base 10?
-1505393
141626 (base 9) to base 12
420b0
-300633 (base 7) to base 2
-1100011000110011
234561 (base 12) to base 3
1001211120101
Convert 157605 (base 9) to base 8.
276250
Convert 2222220021000 (base 3) to base 11.
998379
What is 2202203210 (base 4) in base 2?
10100010100011100100
What is -4120132 (base 8) in base 14?
-205146
503139 (base 10) to base 12
203203
What is 2112242 (base 6) in base 5?
11243124
Convert -101100010010100100010 (base 2) to base 11.
-901422
What is 3112243 (base 8) in base 16?
c94a3
Convert -8581a (base 13) to base 4.
-322303100
-265373 (base 14) to base 6
-44145401
Convert 1101110001111110101 (base 2) to base 9.
757387
What is 1531524 (base 9) in base 8?
3167245
What is -20220142 (base 5) in base 16?
-27fd5
Convert 122012015 (base 7) to base 2.
11101001011101111101100
66577 (base 14) to base 10
248045
134501 (base 7) to base 2
110010000011100
What is -10b16b (base 14) in base 10?
-568299
-3134903 (base 12) to base 15
-c33c03
What is -a2e8f3 (base 16) in base 14?
-15bcbab
Convert -138146 (base 14) to base 15.
-d513c
Convert 5304132 (base 7) to base 4.
2130101232
What is 257621 (base 11) in base 8?
1427575
-3454542 (base 7) to base 10
-433827
-a98084 (base 12) to base 11
-1577206
Convert 1011210020022 (base 3) to base 15.
c55a2
-122001001102122 (base 3) to base 5
-4304231343
Convert 1ddc3 (base 14) to base 13.
28c63
Convert a286 (base 14) to base 7.
144326
17226 (base 8) to base 13
3744
-4310150 (base 6) to base 14
-5701c
-10001101110101001000 (base 2) to base 3
-1002111220011
Convert 220b630 (base 12) to base 11.
3732762
What is -12220221110 (base 3) in base 11?
-7a669
Convert 2033300121 (base 4) to base 11.
372436
Convert 143730 (base 9) to base 7.
514530
Convert 2103431 (base 5) to base 14.
c9c6
Convert 2438802 (base 9) to base 2.
101000011100010111011
10110100101100000101100 (base 2) to base 6
330523100
What is 1000110010100100100000 (base 2) in base 10?
2304288
Convert 751261 (base 11) to base 5.
301432302
Convert -1100100100000100 (base 2) to base 7.
-303013
What is -2238559 (base 10) in base 11?
-1299954
Convert -1302734 (base 8) to base 12.
-155564
Convert -1135664 (base 10) to base 15.
-17675e
What is -85791 (base 11) in base 15?
-26e55
What is 156107 (base 8) in base 12?
28773
-220350 (base 12) to base 11
-339481
-135320 (base 8) to base 10
-47824
What is -d8dc1 (base 15) in base 13?
-1b134b
-1851319 (base 10) to base 11
-1054a18
What is -38b22 (base 14) in base 6?
-2553150
What is -518